).
2, 13
Suppose 4 = -4*u - 8. Let s(q) = -3*q - 4. Let o be s(u). Suppose -55 = -o*x + 5. What are the prime factors of x?
2, 3
Let v(j) = -7*j + 4. Let f be v(2). Let i = 15 + f. Suppose -2*c + i*c = 60. List the prime factors of c.
2, 5
Suppose -5*t + 50 = -4*k, 5*k + 30 = 5*t - 20. What are the prime factors of (t/(-4))/(-5) + (-931)/(-14)?
67
Suppose 2*t - 273 = -29. List the prime factors of (t + 4)/(-3)*-1.
2, 3, 7
Let c(x) be the second derivative of -2*x**3/3 - 2*x**2 - 23*x. What are the prime factors of c(-8)?
2, 7
Let q be 48/26 - 4/(-26). Suppose g + 2 = 4*m, 0 = -q*g - 3*g + 5*m + 5. Suppose -g*s = -4*r + 3*r - 18, 0 = -s + 4*r - 5. What are the prime factors of s?
11
Suppose -28*d + 11920 = -8*d. List the prime factors of d.
2, 149
Suppose -11*u = -4626 + 1733. List the prime factors of u.
263
Let l = 351 - 71. List the prime factors of l.
2, 5, 7
Suppose 13*t - 18*t + 920 = 0. Suppose 3*v - 245 = -4*g + 113, 0 = 2*g + 4*v - t. List the prime factors of g.
2, 11
Suppose -19740 = -5*d - 2*g, 9*g + 7917 = 2*d + 14*g. What are the prime factors of d?
2, 1973
Suppose 46 + 14 = 4*i. Suppose -i = 4*j - 135. What are the prime factors of j?
2, 3, 5
Let y = -602 + 944. What are the prime factors of y?
2, 3, 19
Let j(m) = m**3 - 15*m**2 - 7*m - 25. Let v be j(15). Let p = v - -328. What are the prime factors of p?
2, 3, 11
Let z = 15 - 12. Suppose 3*y = z - 0. Let x = 11 + y. List the prime factors of x.
2, 3
Let u = -390 + 959. List the prime factors of u.
569
Let s be -6 + (17/5 - (-24)/(-60)). What are the prime factors of s/6*((-70)/1 + 0)?
5, 7
Let y(i) = 27*i**2 + i + 2. Let o be y(-3). Suppose -x = 5*b - o, 3*b = -3*x + 7*b + 631. List the prime factors of x.
7, 31
List the prime factors of (6*(-4)/(-48))/(4/11456).
2, 179
Let z(m) = -m + 10. Let n = -22 - -13. Let y = 9 + n. List the prime factors of z(y).
2, 5
Let d be 23*3/(-3) + 4. Let k = 111 + d. List the prime factors of k.
2, 23
Suppose -3*f - f + 6 = -3*v, -5*v = -2*f - 4. Let g(k) = -k**2. Let a be g(v). Let o(n) = -8*n. List the prime factors of o(a).
2
Suppose 0 = 16*v - 3*v - 4914. What are the prime factors of v?
2, 3, 7
Let n be (16/(-20))/(4/(-10)). Suppose -5*f = 2*j + 5, -j - 4*f - 4 = -0*j. Suppose -n*k + 5 + 37 = j. What are the prime factors of k?
3, 7
Let r(j) = j**3 + 12*j**2 + 15*j - 27. List the prime factors of r(-9).
3
Let k(w) = -11*w**3 - 5*w**2 + 15*w - 1. Let d(v) = 1 + 7*v + 16*v**3 + 7*v**2 + 8*v - 37*v. Let l(b) = -5*d(b) - 7*k(b). List the prime factors of l(-3).
2, 17
Let t(z) = -5*z - 73. Let h be t(-15). Suppose -3*c = 4*j - 127, 2*c + 2*j = -h*j + 86. What are the prime factors of c?
41
Suppose 30*i + 3204 = 10614. List the prime factors of i.
13, 19
Let d be ((-2)/(-2))/(1/2). Suppose 5*q = 11*x - 10*x + 254, 150 = 3*q - 3*x. Suppose -d*f = -37 - q. What are the prime factors of f?
2, 11
Suppose 2*h - 4*h - 4 = 0. What are the prime factors of (-5)/(((-4)/(-26))/h)?
5, 13
Suppose 7*i - 4 = 11*i. Let n be (-3 - i) + (-7 - -12). Suppose -2*m = -n*m + 48. List the prime factors of m.
2, 3
Suppose -28*s + 21*s = 168. Let q(x) = -3*x - 52. What are the prime factors of q(s)?
2, 5
Suppose -851*c + 18470 = -841*c. List the prime factors of c.
1847
Let f = 0 - -3. Suppose 266 = 4*c + 3*u, 3*c = -c + 4*u + 252. Suppose -f*j + 3*g + 54 = -0*g, 3*g - c = -4*j. List the prime factors of j.
17
Suppose 5*v - 3*j = 4120, -3*v + 3*j + 3500 = 1028. What are the prime factors of v?
2, 103
Let x = 2291 + -1612. What are the prime factors of x?
7, 97
Suppose 3*h - 19 + 55 = 0. Let q = -44 - -42. What are the prime factors of (h/(-18))/(q/(-69))?
23
Let v(m) = m**3 + 21*m**2 - 21*m + 22. Let f be v(-22). Suppose f*q + 4*k = q - 143, -q + 137 = -k. List the prime factors of q.
3, 5
Suppose -828 = -5*l + 627. List the prime factors of l.
3, 97
Suppose -2*w + a = -8, 2*a - 9 = -w - 0*w. What are the prime factors of 5/(w/3) - 462/(-3)?
157
Suppose -8*b + 885 + 115 = 0. Let u = b - 81. What are the prime factors of u?
2, 11
Let u(z) = -z**3 - 5*z**2 - 7*z - 4. Let s be u(-4). Suppose -4*m = -5*t + 125 + s, 2*m = 5*t - 139. List the prime factors of t.
29
List the prime factors of 1/3 - ((-22850)/30 - 8).
2, 5, 7, 11
Let m(x) = x**2 - 34*x - 241. Let o be m(40). Let f(q) = -52*q**3. Let c(g) = g**2 + g. Let s(h) = c(h) + f(h). What are the prime factors of s(o)?
2, 13
Suppose -7*j = -2*j + 10. Let z(g) = 9*g**2 + g - 1. Let k be z(j). Suppose u + u - m = k, -m + 62 = 3*u. What are the prime factors of u?
19
Suppose 4*v - d - 1284 = 0, 0*v = -3*v - 4*d + 982. Suppose -21*h - v = -23*h. What are the prime factors of h?
7, 23
What are the prime factors of (49/(-14))/(-7)*(310 + 0)?
5, 31
Let x(q) = q**2 + 9*q - 10. Let a be x(-10). Suppose 2*c + a - 6 = 0. Suppose -4*y = -c*o - 220, 3*y - 4*o + 2*o - 166 = 0. What are the prime factors of y?
2, 29
What are the prime factors of (-202*(-3)/(-9))/((-2)/15)?
5, 101
Let r(m) be the first derivative of -m**2 - m - 5. Let v be r(-1). What are the prime factors of -14*(v - 6/4)?
7
Suppose -3*p = u - 3619, 0 = -p + 9*u - 4*u + 1217. What are the prime factors of p?
17, 71
Let v be 6/24 - 726/(-8). Let k = 120 - v. List the prime factors of k.
29
Let q be 3/(-5) + 6/(-60)*-26. Suppose -q - 62 = -t - 3*w, 0 = 4*t + 4*w - 240. What are the prime factors of t?
2, 29
Suppose g - 2*b - 1066 = 988, -g - b + 2048 = 0. List the prime factors of g.
2, 5, 41
Suppose 0 = -3*w + 190 - 28. List the prime factors of w.
2, 3
Let x(i) = i + 1. Let j(h) = -h + 11. Let l(g) = 3*g - 23. Let a(m) = -7*j(m) - 3*l(m). Let u(v) = -a(v) - 3*x(v). List the prime factors of u(-5).
2, 5
Let g(l) = 3*l + 39. Let c be 0 - (4/6)/((-18)/162). List the prime factors of g(c).
3, 19
Let k(s) = 3*s**2 - 7*s - 11. Let o be k(-4). Let h = o - 15. What are the prime factors of h?
2, 5
List the prime factors of 2194/8 - 20/((-1200)/45).
5, 11
Let b(a) = a**3 + 8*a**2 - 9*a - 9. Let z(x) = 2*x + 6. Let n be z(-6). List the prime factors of b(n).
3, 13
Let q = -5210 - -8399. List the prime factors of q.
3, 1063
Suppose 2*a = -1 + 7. Suppose -6*d = -a*d. Suppose -f - 4 = d, 5*w + 7*f - 2*f - 105 = 0. List the prime factors of w.
5
Suppose 2*u - t = 21, 2*u - 5*t - 31 = -2*t. Suppose 0 = -2*m + u + 130. List the prime factors of m.
3, 23
Suppose 2*a - 238 = -2*i, 2*a - i = -4*i + 240. Suppose -3*z + a = 3*n - 5*z, 4*n + 3*z - 156 = 0. What are the prime factors of n?
3, 13
Suppose -31*t = -30*t - 638. List the prime factors of t.
2, 11, 29
Let g = 690 + -571. What are the prime factors of g?
7, 17
Let j(y) = y - 3. Let p be j(5). Let g = p + 3. Suppose 0 = -2*q - 2*b - 3*b + 78, -5*q = -g*b - 160. List the prime factors of q.
2, 17
Let m = 1107 + -551. List the prime factors of m.
2, 139
Let o be -14*((-6)/2)/3. Let y = o - 10. Suppose y*q + 17 = 5*q. List the prime factors of q.
17
Let b(r) = -r**3 - 11*r**2 + 6*r - 7. List the prime factors of b(-13).
11, 23
Let f(c) = 2*c - 1. Let u be 9/5 + 2/10. Let t be f(u). Suppose -t*g + 46 = -2. List the prime factors of g.
2
Let s be 2 - (10*-1 + -3). Let y = s - -11. What are the prime factors of y?
2, 13
Suppose 4*x - x = 2*r - 274, 5*x = 0. Let u = -256 + r. Let v = u - -168. List the prime factors of v.
7
Suppose 1342 + 7668 = 5*l. What are the prime factors of l?
2, 17, 53
Suppose 20*f = 15*f + 5030. List the prime factors of f.
2, 503
What are the prime factors of 409 - (16/40)/((-1)/(-5))?
11, 37
Suppose -4*d - 588 = -2*i, -2 = -d + 3*d. What are the prime factors of i?
2, 73
Let m(l) = l**2 - 11*l. Let k be m(-7). Suppose k - 6 = 3*u. What are the prime factors of u?
2, 5
Suppose -4*a - 15 = -7*a. Let i be 36/45 - 4/a. Suppose -q - 24 = 3*t - 152, 2*t - q - 82 = i. List the prime factors of t.
2, 3, 7
Let a = 3967 + 1805. What are the prime factors of a?
2, 3, 13, 37
Suppose 4*j + 64 = -3*q, 4*q + 5*j + 98 = 6*j. Let x be ((-12)/(-10))/(q/(-80)). Suppose 3*f = 12, x*p - 5*f = 16 + 8. List the prime factors of p.
11
Let c = -96 + 83. Let t(u) = 2*u**2 + 17*u - 17. List the prime factors of t(c).
2, 5
Let b = 720 + 536. List the prime factors of b.
2, 157
Let j(b) = 13 + 0*b**2 - 14*b + 2*b**2 + 5*b. Suppose 0 = 4*l - 8, -2*v - 28 = -6*v - 2*l. What are the prime factors of j(v)?
31
What are the prime factors of 7288